-2)/a?
2
Suppose m - 2 = -2*v, 3*v + 15 = 2*m + m. Let g be 239/2 - (21/6 + -4). Suppose -k - m*f - 6 + 21 = 0, -4*k + g = -4*f. List the prime factors of k.
3
Let i = 1471 - 452. What are the prime factors of i?
1019
Suppose 4*p - 1420 = 29*x - 32*x, -2*p = 2*x - 946. What are the prime factors of x?
2, 59
Let w = -3 - -12. Suppose w = 2*d + 1. Suppose 0 = -d*j + 10 + 142. List the prime factors of j.
2, 19
Suppose 3260 = 5*o + 5*y, -3*o + 2*y + 1399 + 582 = 0. List the prime factors of o.
3, 73
Let h(s) be the second derivative of 13*s**3/3 + 49*s**2/2 - 46*s. List the prime factors of h(5).
179
List the prime factors of (-3)/(2/(-183)*23/46).
3, 61
What are the prime factors of 49/((-1340)/(-190) - 7)?
7, 19
Let m(b) = -28*b + 95. What are the prime factors of m(-14)?
487
Let t = -4158 - -6229. What are the prime factors of t?
19, 109
What are the prime factors of (-4)/(1*2/(-188))?
2, 47
Suppose 0 = -55*m + 47*m + 20144. What are the prime factors of m?
2, 1259
Let p(o) = o**3 + 4*o**2 + 6*o - 1. Let i be p(-4). Let z = i - -28. List the prime factors of z.
3
Suppose -4*s = -3*y - 0*s + 41, 2*y = 2*s + 24. Let w(x) = 21*x - 38. List the prime factors of w(y).
109
Let y(i) = -i**2 + 4. Let h be y(0). Let c = 7 + -5. Suppose 104 = c*r + 3*r + h*x, -16 = -r + 4*x. What are the prime factors of r?
2, 5
Suppose -53*q = -64*q + 2057. List the prime factors of q.
11, 17
Suppose -3*s + 218 = -4*d, -5*d - 213 = -3*s - 2*d. What are the prime factors of (-2)/10*0 + s?
2, 3, 11
Let s(v) = v**3 + 9*v**2 + 6*v - 14. Let x be s(-8). Suppose 5*m + 3*u - 802 = -0*u, -323 = -x*m + u. List the prime factors of m.
7, 23
Suppose 9 = 3*b - t, 3*b + 4*t + 9 = 3. Suppose k + 3 = 0, k - b*k = -3*u + 921. What are the prime factors of u?
2, 3, 17
What are the prime factors of ((-195)/52)/15 + 4913/4?
2, 307
Let h(i) = -92*i**3 + 38*i**2 + 160*i - 2. What are the prime factors of h(-4)?
2, 2927
Let c(i) be the third derivative of i**5/120 + 5*i**4/24 - i**3/6 - 5*i**2. Let p(n) be the first derivative of c(n). What are the prime factors of p(5)?
2, 5
Suppose -4*a - 3*p = -3745, 2805 = 3*a + 8*p - 7*p. List the prime factors of a.
2, 467
Let t(x) = 20*x**2 - 21*x - 212. What are the prime factors of t(-6)?
2, 317
Let x = -154 + 313. Let y = x + -57. Suppose 0*t = -3*t + y. List the prime factors of t.
2, 17
Let k(i) = -i**2 - i. Let f(d) = d + 4. Let b be f(-6). Let z be k(b). Let h = z - -8. What are the prime factors of h?
2, 3
Suppose 0 = 5*y - 6 - 24. Let l be ((-12)/5)/(y/80). Let n = 57 + l. List the prime factors of n.
5
List the prime factors of (582/8)/((-57)/(-76)).
97
Let m(w) = -3*w**2 - 10 + 0 - 10*w - 2*w**2 + w**3. Let h be m(8). What are the prime factors of h/(-4)*(-16)/24?
17
Let q(i) = -16*i**2 + 8 + 29*i**2 + 10*i**3 - 17*i - 9*i**3. List the prime factors of q(-14).
2, 5
Suppose 2*q + 5*m + 16 = q, 4*q + 5*m = -4. Let z be (417 + -5)*1/q. Suppose v - z = -2*v + 2*u, v + 2*u - 29 = 0. List the prime factors of v.
3, 11
Let o = 2841 + -1642. What are the prime factors of o?
11, 109
Let s = 12436 + -6347. List the prime factors of s.
6089
Suppose 3*d - 30 = 5*p, -4*d = p + 3*p - 8. Suppose -3*f + k + k - 1418 = 0, d*k + 2355 = -5*f. List the prime factors of f/(-14) + 6/21.
2, 17
Let a = -27 - -33. Let b(y) = y**3 - 5*y**2 - 5*y - 2. Let q be b(a). Suppose 56 = q*x - 16. List the prime factors of x.
2, 3
Suppose -2*z - 4*q = -1206, 305*q + 2452 = 4*z + 303*q. List the prime factors of z.
13, 47
Let g be (-14)/(-2) - 12/6. Suppose -4*f - 4*x - x + 32 = 0, -g*x + 5 = -5*f. Suppose 4*t - 9 - 82 = -f*r, -4*r = 2*t - 58. What are the prime factors of t?
19
Let t(l) = 2043*l + 50. List the prime factors of t(1).
7, 13, 23
Let t(w) = 164*w**3 - 2*w**2 - 2*w - 1. Let o be t(-1). Let h = -55 - o. What are the prime factors of 2 - (2*h)/(-4)?
3, 19
Let t be (-3)/(-18) + (-23)/(-6). Suppose 5*o - 33 = t*o + 5*i, 0 = -o - 5*i + 13. List the prime factors of o.
23
Suppose -15 = 10*c - 15*c. Suppose -17 = -c*r - 8. Let d(g) = 17*g + 4. List the prime factors of d(r).
5, 11
Suppose -5*w - 14125 + 3665 = 0. List the prime factors of 2 - w/12 - (-2)/(-6).
2, 11
Suppose 0 = 7*k - 9*k - 8, -k + 2646 = 5*d. List the prime factors of d.
2, 5, 53
Let u be 60*(6/(-5))/(-3). What are the prime factors of u*4 - (-20)/(-10)?
2, 47
Suppose 15*p - 60 = 13*p. Let h = p + -14. List the prime factors of (h/8)/((-4)/(-94)).
47
Let p(j) = j**3 - 17*j**2 - 81*j - 12. Let z be p(21). Let u = 18 - 3. Suppose -2*h + u = -z. What are the prime factors of h?
3, 11
What are the prime factors of 623694/513 + (-4)/(-18) - -2?
2, 3, 7, 29
Let z be -35*(-1)/10 + 1/2. Suppose 0 = -o - 0*s - 3*s + 15, -20 = -4*s. Suppose 0 = 4*b - b + 6, o = -q - z*b + 50. List the prime factors of q.
2, 29
Let f(z) = 164*z**2 + 13*z - 41. What are the prime factors of f(3)?
2, 11, 67
Suppose 0*x = -5*x. What are the prime factors of 35 + (-4)/16*x?
5, 7
Suppose -4*y = -2*i + 316, 4*i + 0*y - y = 597. List the prime factors of i.
2, 37
Let a(d) = 2132*d**2 - 7*d - 1. List the prime factors of a(1).
2, 3, 59
Suppose 0 = 129*x - 121*x - 11128. List the prime factors of x.
13, 107
Let f(n) = 22*n - 2. Let l be f(2). Let v(b) = -4*b + 51. Let u be v(14). Let d = u + l. List the prime factors of d.
37
Let j(u) = -22*u - 10. Let l(d) = d - 2. Let r be l(-5). What are the prime factors of j(r)?
2, 3
Let p(z) = 2*z**2 + z + 786. List the prime factors of p(0).
2, 3, 131
Let g = 10 - 10. Suppose 4*l + p - 6*p - 57 = g, -3*p + 25 = 5*l. What are the prime factors of 54/72 - (-298)/l?
2, 19
Let w(o) = 8*o. Let g be w(1). Let c be ((-12)/16)/(1/g). Let f = c + 24. What are the prime factors of f?
2, 3
Let d = 1235 + -487. What are the prime factors of d?
2, 11, 17
Let c(y) = 8*y**2 + 16*y**3 - 17*y**3 + 9*y**2 - 13*y - 4. List the prime factors of c(16).
2, 11
Let c = 16 - 13. Let y = 5 - c. Suppose 0 = -u - k + 43, -y*k + 164 = 4*u - 6*k. What are the prime factors of u?
2, 3, 7
Let p = 621 + -363. What are the prime factors of p?
2, 3, 43
Suppose 0 = y + y - 8. Suppose -3*g + 4*g = -y. Let v(l) = -2*l - 1. List the prime factors of v(g).
7
Suppose -f = 4*f + 2*s + 233, -f = 5*s + 65. Let w = -16 - f. What are the prime factors of w?
29
Let n = 42 + -38. Let z be ((-6)/8)/((-2)/8). Suppose -3*g + 15 = -t + 4*t, -15 = -z*g + n*t. List the prime factors of g.
5
What are the prime factors of 0 + (-43043)/(-21) + (-7)/(-21)?
2, 5, 41
Let p(y) be the second derivative of 0 + 5/2*y**2 + 7/12*y**4 + 5/6*y**3 - 2*y. List the prime factors of p(-2).
23
Let f = -457 + 1473. List the prime factors of f.
2, 127
Let y be (0 - -2)*(-2275)/(-26). Suppose 4*b = -b + y. Let m = 99 - b. List the prime factors of m.
2
List the prime factors of (-9)/6*1 - (-4905)/30.
2, 3
Let l(k) = 3*k**2 - 9*k + 8. Let v be l(4). Suppose -3*c + 479 = v. What are the prime factors of c?
3, 17
Suppose 0 = 5*h + 2*p - 20, -p = 2*p - 15. Let l(c) = 4 - 4*c - 3 - h. What are the prime factors of l(-11)?
43
What are the prime factors of 79896/156 + 2/(-13)?
2
Let f be -34 - (10/(-5) + 4). What are the prime factors of (-5262)/f - (-1)/(-6)?
2, 73
Let f = 75 + -60. Suppose -2*g + f = -61. What are the prime factors of g?
2, 19
Suppose -u - 4 = -7. What are the prime factors of ((-2 + u)*2)/(5/400)?
2, 5
Let m(n) = -2*n + 6. Let j be m(3). Suppose -w = -5*o - 77, w + 4*w + 4*o - 385 = j. List the prime factors of 14/w + (-194)/(-22).
3
Let n(v) = v - 13 + 28 + 11. What are the prime factors of n(-14)?
2, 3
Suppose 5*w - 10 - 40 = -5*g, -4*g = -3*w + 44. Suppose i = 5*i - w. What are the prime factors of 158/i - (-4)/12?
53
Let u = 972 + 982. What are the prime factors of u?
2, 977
Let c be -30*(-1 + 2) - 0. Let p be c/(-8) + (-6)/8. Suppose 5*s + 4*q = 123 - 32, p*s = 5*q + 25. What are the prime factors of s?
3, 5
Suppose 19874 = 9*s - 6865. What are the prime factors of s?
2971
Let l be 1*(-3)/(-6) + 14/4. Suppose 7*n = 5*n - 8, -5*s + l*n = -1001. List the prime factors of s.
197
Suppose 18*s = 9*s + 4266. List the prime factors of s.
2, 3, 79
Suppose -4*d - d = 35. Let s(y) be the first derivative of -y**3/3 - 4*y**2 + 2*y - 1. What are the prime factors of s(d)?
3
Let v = -3482 - -5043. List the prime factors of v.
7, 223
Suppose -t - 78 = -0. Let f = t